{"id":151,"date":"2024-01-09T22:51:54","date_gmt":"2024-01-09T21:51:54","guid":{"rendered":"https:\/\/www.velkymalyprinc.sk\/?page_id=151"},"modified":"2026-02-01T15:36:30","modified_gmt":"2026-02-01T14:36:30","slug":"tlaciva","status":"publish","type":"page","link":"https:\/\/www.velkymalyprinc.sk\/?page_id=151","title":{"rendered":"Tla\u010div\u00e1"},"content":{"rendered":"\n<div data-wp-interactive=\"core\/file\" class=\"wp-block-file alignwide\"><object data-wp-bind--hidden=\"!state.hasPdfPreview\" hidden class=\"wp-block-file__embed\" data=\"https:\/\/www.velkymalyprinc.sk\/wp-content\/uploads\/2026\/02\/Vyhlasenie-FO-2025_doplnene.pdf\" type=\"application\/pdf\" style=\"width:100%;height:1190px\" aria-label=\"Vlo\u017ei\u0165 Vyhlasenie FO 2025_doplnen\u00e9.\"><\/object><a id=\"wp-block-file--media-a0aaaac5-1647-4a19-ba68-8d134c0a97ae\" href=\"https:\/\/www.velkymalyprinc.sk\/wp-content\/uploads\/2026\/02\/Vyhlasenie-FO-2025_doplnene.pdf\">Vyhlasenie FO 2025_doplnen\u00e9<\/a><a href=\"https:\/\/www.velkymalyprinc.sk\/wp-content\/uploads\/2026\/02\/Vyhlasenie-FO-2025_doplnene.pdf\" class=\"wp-block-file__button wp-element-button\" download aria-describedby=\"wp-block-file--media-a0aaaac5-1647-4a19-ba68-8d134c0a97ae\">Stiahnu\u0165<\/a><\/div>\n\n\n\n<p><\/p>\n","protected":false},"excerpt":{"rendered":"","protected":false},"author":1,"featured_media":0,"parent":0,"menu_order":0,"comment_status":"closed","ping_status":"closed","template":"","meta":{"_monsterinsights_skip_tracking":false,"_monsterinsights_sitenote_active":false,"_monsterinsights_sitenote_note":"","_monsterinsights_sitenote_category":0,"footnotes":""},"class_list":["post-151","page","type-page","status-publish","hentry"],"yoast_head":"<!-- This site is optimized with the Yoast SEO plugin v26.8 - https:\/\/yoast.com\/product\/yoast-seo-wordpress\/ -->\n<title>Tla\u010div\u00e1 - ve\u013ek\u00fd mal\u00fd princ<\/title>\n<meta name=\"robots\" content=\"index, follow, max-snippet:-1, max-image-preview:large, max-video-preview:-1\" \/>\n<link rel=\"canonical\" href=\"https:\/\/www.velkymalyprinc.sk\/?page_id=151\" \/>\n<meta property=\"og:locale\" content=\"sk_SK\" \/>\n<meta property=\"og:type\" content=\"article\" \/>\n<meta property=\"og:title\" content=\"Tla\u010div\u00e1 - ve\u013ek\u00fd mal\u00fd princ\" \/>\n<meta property=\"og:url\" content=\"https:\/\/www.velkymalyprinc.sk\/?page_id=151\" \/>\n<meta property=\"og:site_name\" content=\"ve\u013ek\u00fd mal\u00fd princ\" \/>\n<meta property=\"article:modified_time\" content=\"2026-02-01T14:36:30+00:00\" \/>\n<meta name=\"twitter:card\" content=\"summary_large_image\" \/>\n<meta name=\"twitter:label1\" content=\"Predpokladan\u00fd \u010das \u010d\u00edtania\" \/>\n\t<meta name=\"twitter:data1\" content=\"1 min\u00fata\" \/>\n<script type=\"application\/ld+json\" class=\"yoast-schema-graph\">{\"@context\":\"https:\/\/schema.org\",\"@graph\":[{\"@type\":\"WebPage\",\"@id\":\"https:\/\/www.velkymalyprinc.sk\/?page_id=151\",\"url\":\"https:\/\/www.velkymalyprinc.sk\/?page_id=151\",\"name\":\"Tla\u010div\u00e1 - ve\u013ek\u00fd mal\u00fd princ\",\"isPartOf\":{\"@id\":\"https:\/\/www.velkymalyprinc.sk\/#website\"},\"datePublished\":\"2024-01-09T21:51:54+00:00\",\"dateModified\":\"2026-02-01T14:36:30+00:00\",\"breadcrumb\":{\"@id\":\"https:\/\/www.velkymalyprinc.sk\/?page_id=151#breadcrumb\"},\"inLanguage\":\"sk-SK\",\"potentialAction\":[{\"@type\":\"ReadAction\",\"target\":[\"https:\/\/www.velkymalyprinc.sk\/?page_id=151\"]}]},{\"@type\":\"BreadcrumbList\",\"@id\":\"https:\/\/www.velkymalyprinc.sk\/?page_id=151#breadcrumb\",\"itemListElement\":[{\"@type\":\"ListItem\",\"position\":1,\"name\":\"Home\",\"item\":\"https:\/\/www.velkymalyprinc.sk\/\"},{\"@type\":\"ListItem\",\"position\":2,\"name\":\"Tla\u010div\u00e1\"}]},{\"@type\":\"WebSite\",\"@id\":\"https:\/\/www.velkymalyprinc.sk\/#website\",\"url\":\"https:\/\/www.velkymalyprinc.sk\/\",\"name\":\"ve\u013ek\u00fd mal\u00fd princ\",\"description\":\"\",\"potentialAction\":[{\"@type\":\"SearchAction\",\"target\":{\"@type\":\"EntryPoint\",\"urlTemplate\":\"https:\/\/www.velkymalyprinc.sk\/?s={search_term_string}\"},\"query-input\":{\"@type\":\"PropertyValueSpecification\",\"valueRequired\":true,\"valueName\":\"search_term_string\"}}],\"inLanguage\":\"sk-SK\"}]}<\/script>\n<!-- \/ Yoast SEO plugin. -->","yoast_head_json":{"title":"Tla\u010div\u00e1 - ve\u013ek\u00fd mal\u00fd princ","robots":{"index":"index","follow":"follow","max-snippet":"max-snippet:-1","max-image-preview":"max-image-preview:large","max-video-preview":"max-video-preview:-1"},"canonical":"https:\/\/www.velkymalyprinc.sk\/?page_id=151","og_locale":"sk_SK","og_type":"article","og_title":"Tla\u010div\u00e1 - ve\u013ek\u00fd mal\u00fd princ","og_url":"https:\/\/www.velkymalyprinc.sk\/?page_id=151","og_site_name":"ve\u013ek\u00fd mal\u00fd princ","article_modified_time":"2026-02-01T14:36:30+00:00","twitter_card":"summary_large_image","twitter_misc":{"Predpokladan\u00fd \u010das \u010d\u00edtania":"1 min\u00fata"},"schema":{"@context":"https:\/\/schema.org","@graph":[{"@type":"WebPage","@id":"https:\/\/www.velkymalyprinc.sk\/?page_id=151","url":"https:\/\/www.velkymalyprinc.sk\/?page_id=151","name":"Tla\u010div\u00e1 - ve\u013ek\u00fd mal\u00fd princ","isPartOf":{"@id":"https:\/\/www.velkymalyprinc.sk\/#website"},"datePublished":"2024-01-09T21:51:54+00:00","dateModified":"2026-02-01T14:36:30+00:00","breadcrumb":{"@id":"https:\/\/www.velkymalyprinc.sk\/?page_id=151#breadcrumb"},"inLanguage":"sk-SK","potentialAction":[{"@type":"ReadAction","target":["https:\/\/www.velkymalyprinc.sk\/?page_id=151"]}]},{"@type":"BreadcrumbList","@id":"https:\/\/www.velkymalyprinc.sk\/?page_id=151#breadcrumb","itemListElement":[{"@type":"ListItem","position":1,"name":"Home","item":"https:\/\/www.velkymalyprinc.sk\/"},{"@type":"ListItem","position":2,"name":"Tla\u010div\u00e1"}]},{"@type":"WebSite","@id":"https:\/\/www.velkymalyprinc.sk\/#website","url":"https:\/\/www.velkymalyprinc.sk\/","name":"ve\u013ek\u00fd mal\u00fd princ","description":"","potentialAction":[{"@type":"SearchAction","target":{"@type":"EntryPoint","urlTemplate":"https:\/\/www.velkymalyprinc.sk\/?s={search_term_string}"},"query-input":{"@type":"PropertyValueSpecification","valueRequired":true,"valueName":"search_term_string"}}],"inLanguage":"sk-SK"}]}},"_links":{"self":[{"href":"https:\/\/www.velkymalyprinc.sk\/index.php?rest_route=\/wp\/v2\/pages\/151","targetHints":{"allow":["GET"]}}],"collection":[{"href":"https:\/\/www.velkymalyprinc.sk\/index.php?rest_route=\/wp\/v2\/pages"}],"about":[{"href":"https:\/\/www.velkymalyprinc.sk\/index.php?rest_route=\/wp\/v2\/types\/page"}],"author":[{"embeddable":true,"href":"https:\/\/www.velkymalyprinc.sk\/index.php?rest_route=\/wp\/v2\/users\/1"}],"replies":[{"embeddable":true,"href":"https:\/\/www.velkymalyprinc.sk\/index.php?rest_route=%2Fwp%2Fv2%2Fcomments&post=151"}],"version-history":[{"count":6,"href":"https:\/\/www.velkymalyprinc.sk\/index.php?rest_route=\/wp\/v2\/pages\/151\/revisions"}],"predecessor-version":[{"id":289,"href":"https:\/\/www.velkymalyprinc.sk\/index.php?rest_route=\/wp\/v2\/pages\/151\/revisions\/289"}],"wp:attachment":[{"href":"https:\/\/www.velkymalyprinc.sk\/index.php?rest_route=%2Fwp%2Fv2%2Fmedia&parent=151"}],"curies":[{"name":"wp","href":"https:\/\/api.w.org\/{rel}","templated":true}]}}